3
In base 6, what is 34 + -5?
25
In base 3, what is 11 - -10?
21
In base 6, what is 12 - -215?
231
In base 2, what is 1000 - -11?
1011
In base 14, what is -12c3 - 1?
-12c4
In base 11, what is 2 + 19?
20
In base 13, what is -604 - 2?
-606
In base 4, what is -1 + 221?
220
In base 3, what is 1001112 - -2?
1001121
In base 15, what is 2 + -132?
-130
In base 4, what is -313 + 1?
-312
In base 16, what is -e + -16b?
-179
In base 3, what is -211 - -20?
-121
In base 13, what is 2 - -a6c?
a71
In base 6, what is 13 + -14210?
-14153
In base 11, what is -5 + 939?
934
In base 5, what is -13332 + 10?
-13322
In base 14, what is 3 + 2?
5
In base 3, what is 201102 + -20?
201012
In base 3, what is 120 - 2210?
-2020
In base 2, what is 11 - -1110110110101?
1110110111000
In base 15, what is 10 - -2?
12
In base 11, what is -90 + -4?
-94
In base 16, what is -4a + -8?
-52
In base 3, what is -11 - 0?
-11
In base 12, what is 1 + -24?
-23
In base 2, what is 110 - 1000101010?
-1000100100
In base 13, what is 3 - 17?
-14
In base 8, what is -2 + -212?
-214
In base 5, what is 3 + 140?
143
In base 12, what is 3 - -542a?
5431
In base 6, what is -34335 + -3?
-34342
In base 14, what is -169 - -2?
-167
In base 3, what is 10000122 - 22?
10000100
In base 12, what is -4 - b59?
-b61
In base 11, what is -1 - a4?
-a5
In base 9, what is -3 + -5?
-8
In base 13, what is -25c + 0?
-25c
In base 12, what is 31 + 35?
66
In base 9, what is -28 + 33?
4
In base 2, what is 1001 + -11000?
-1111
In base 14, what is -61 + 0?
-61
In base 11, what is 1 - -1772?
1773
In base 5, what is 43 + 302?
400
In base 12, what is 5 + 10a?
113
In base 8, what is 0 - 1313?
-1313
In base 11, what is 832 - -1?
833
In base 7, what is -135 + 20?
-115
In base 7, what is 0 - -10150?
10150
In base 2, what is 10001 - 1000001?
-110000
In base 5, what is -101413 + 2?
-101411
In base 4, what is -202120 + 10?
-202110
In base 3, what is 10011010 + 1?
10011011
In base 5, what is -2 - 101?
-103
In base 5, what is -10 - 20121?
-20131
In base 14, what is 4 - 6b7?
-6b3
In base 6, what is -4 + 10010?
10002
In base 8, what is 6 + 3?
11
In base 14, what is 4 - -8ba?
8c0
In base 11, what is 186 - 1?
185
In base 2, what is -1011 - -111111011?
111110000
In base 10, what is -1220 + 17?
-1203
In base 10, what is 0 + -19?
-19
In base 11, what is 298 + 0?
298
In base 5, what is 1 + -204313?
-204312
In base 10, what is 137 - -3?
140
In base 2, what is 10100 - 100?
10000
In base 10, what is 954 + 7?
961
In base 3, what is -1 + -2211?
-2212
In base 7, what is 42 + -3?
36
In base 3, what is -12 + -10211?
-11000
In base 16, what is 154e + 1?
154f
In base 9, what is 66 - -28?
105
In base 8, what is 3 - -77?
102
In base 11, what is 758 + 2?
75a
In base 16, what is 3 + -170?
-16d
In base 5, what is -203 + 4?
-144
In base 9, what is 1 - -72?
73
In base 16, what is 1 + d3?
d4
In base 2, what is 110100 + -101?
101111
In base 5, what is -440 - 21?
-1011
In base 7, what is 4 + 1141?
1145
In base 2, what is 10 - -1111101?
1111111
In base 4, what is -2200 - 10?
-2210
In base 12, what is 1a58 - 4?
1a54
In base 15, what is 2d + 6?
34
In base 3, what is 12001120 - 20?
12001100
In base 7, what is 1 - -1160?
1161
In base 13, what is 29 + -1?
28
In base 7, what is 5 - -134?
142
In base 5, what is -42 + -23?
-120
In base 3, what is -11101100 - -12?
-11101011
In base 11, what is -68 - 61?
-119
In base 9, what is 10 + -20?
-10
In base 15, what is -533 - -1?
-532
In base 6, what is 5 - 255?
-250
In base 14, what is 3 - 26?
-23
In base 13, what is -5 - 48?
-50
In base 13, what is -72 + 56?
-19
In base 5, what is -3332 - -13?
-3314
In base 16, what is -26 - 4?
-2a
In base 2, what is -101011101 + -100?
-101100001
In base 8, what is 17 + -7?
10
In base 9, what is -4 - -12?
7
In base 4, what is 1 - -20?
21
In base 10, what is -6 - 148?
-154
In base 15, what is -1 + -5a?
-5b
In base 12, what is 8a + 0?
8a
In base 13, what is 99 + 1c?
b8
In base 14, what is -ac + -2?
-b0
In base 5, what is 141 + -3?
133
In base 14, what is -4d - 0?
-4d
In base 13, what is -45 - -1a?
-28
In base 12, what is -15 + -2a?
-43
In base 16, what is -14 - -7a?
66
In base 15, what is 6 + 1dd?
1e4
In base 2, what is 10100 + -1110?
110
In base 8, what is -66 - 45?
-133
In base 10, what is 5 + -716?
-711
In base 11, what is -83 + 10?
-73
In base 14, what is 0 + 1cd?
1cd
In base 3, what is 1 - -222211?
222212
In base 8, what is 4 - -7075?
7101
In base 14, what is 1 + aa?
ab
In base 5, what is 43 + 20?
113
In base 7, what is -104103 + -4?
-104110
In base 10, what is 24 + 3?
27
In base 6, what is 25312 + 5?
25321
In base 3, what is -11 + -1011?
-1022
In base 9, what is 2047 - 1?
2046
In base 4, what is -11110 + -21?
-11131
In base 11, what is 3 - 553?
-550
In base 8, what is -20 + -334?
-354
In base 11, what is 0 + -4a8?
-4a8
In base 12, what is -133 - -4?
-12b
In base 14, what is -88 + -4?
-8c
In base 8, what is -2 - -754?
752
In base 14, what is -b8 + -6?
-c0
In base 16, what is 28 - -1?
29
In base 13, what is 1 - a?
-9
In base 8, what is 1612 - -5?
1617
In base 2, what is -1010001 + 111000?
-11001
In base 3, what is 211 + 11?
222
In base 3, what is 12012221 - -12?
12020010
In base 2, what is -11001 - 1000000101?
-1000011110
In base 2, what is -10 - -1000001?
111111
In base 3, what is 20 - -2001?
2021
In base 7, what is 564 + 4?
601
In base 10, what is -756 - 4?
-760
In base 2, what is 0 + -10000000110?
-10000000110
In base 15, what is 5 + 9?
e
In base 16, what is 7 - -52?
59
In base 3, what is 122 - 1?
121
In base 5, what is -34 - -13?
-21
In base 16, what is -1c02 - 1?
-1c03
In base 7, what is 5 + 56?
64
In base 2, what is 110110000 + -111110?
101110010
In base 14, what is dd3 + 0?
dd3
In base 4, what is 101020 + -2?
101012
In base 13, what is 46 + -4?
42
In base 5, what is 3 - -112102?
112110
In base 15, what is 22 - b?
16
In base 4, what is -11211 - 2?
-11213
In base 11, what is -543 - 2?
-545
In base 15, what is 1 - 65?
-64
In base 9, what is 5 - -1?
6
In base 6, what is -1 + -123?
-124
In base 11, what is -74 + -102?
-176
In base 16, what is 26d + -27?
246
In base 2, what is 101100 + -1110?
11110
In base 11, what is 224 + -5?
21a
In base 3, what is -112120 - 1010?
-120200
In base 16, what is -6 + -c?
-12
In base 16, what is -4 - 2?
-6
In base 10, what is -3 + 25?
22
In base 8, what is -10577 - 1?
-10600
In base 2, what is -101 + 10101?
10000
In base 12, what is -2ba - 2?
-300
In base 10, what is 3 - 531?
-528
In base 15, what is 4 + -79?
-75
In base 10, what is -9 + 0?
-9
In base 11, what is 2 + -1797?
-1795
In base 7, what is 1 - 4166?
-4165
In base 15, what is 2786 + -4?
2782
In base 14, what is 13b + -3?
138
In base 11, what is -a49 - 11?
-a5a
In base 7, what is 110263 - -3?
110266
In base 3, what is 1 - 1220?
-1212
In base 2, what is 10 - -10?
100
In base 14, what is 5 - -2ac8?
2acd
In base 16, what is 3 + -3c9?
-3c6
In base 2, what is 100 - 1001110101110?
-1001110101010
In base 11, what is 1 + 28?
29
In base 3, what is -112 - -1220?
1101
In base 7, what is 0 + 545?
545
In base 8, what is 5 + -26?
-21
In base 16, what is -3 + -c?
-f
In base 4, what is -3120 - -3?
-3111
In base 13, what is 275 - 3?
272
In base 3, what is 1 + 20111?
20112
In base 13, what is -93 - -c?
-84
In base 8, what is 250 + 13?
263
In base 11, what is -19425 + -3?
-19428
In base 7, what is 122 - 5?
114
In base 14, what is 4 - -4?
8
In base 8, what is -23254 - 1?
-23255
In base 8, what is -7406 + -2?
-7410
In base 11, what is -5 + -3a75?
-3a7a
In base 7, what is 33 + -245?
-212
In base 13, what is -27 + -3?
-2a
In base 3, what is 2 - -202000?
202002
In base 5, what is 22422 + -10?
22412
In base 15, what is 2c + -11?
1b
In base 2, what is -110011110 + 101?
-110011001
In base 2, what is 111110001101 + -101?
111110001000
In base 7, what is 1 - -4?
5
In base 7, what is -23342 + 4?
-23335
In base 13, what is -4 + -1503?
-1507
In base 3, what is 1010 - -21?
1101
In base 14, what is -18b - -4?
-187
In base 13, what is -1 - -1b2?
1b1
In base 5, what is 4 - 0?
4
In base 10, what is 97 - 5?
92
In base 2, what is 10100100000 - 111?
10100011001
In base 3, what is 21 + 110?
201
In base 9, what is -2 - -3405?
3403
In base 3, what is -2 - 11112?
-11121
In base 9, what is -7 + 444?
436
In base 3, what is 1022020110 + -11?
1022020022
In b